{"id":636,"date":"2017-09-25T08:10:03","date_gmt":"2017-09-25T08:10:03","guid":{"rendered":"http:\/\/www.mali-mrav.hr\/?page_id=636"},"modified":"2025-11-16T12:02:40","modified_gmt":"2025-11-16T12:02:40","slug":"skijanje-platak-6-dana","status":"publish","type":"page","link":"http:\/\/www.mali-mrav.hr\/?page_id=636","title":{"rendered":"PLATAK &#8211; VI\u0160EDNEVNA \u0160KOLA SKIJANJA"},"content":{"rendered":"<p><a href=\"http:\/\/www.mali-mrav.hr\/wp-content\/uploads\/2012\/12\/dsc02696.jpg\"><img decoding=\"async\" loading=\"lazy\" class=\"wp-image-197 aligncenter\" src=\"http:\/\/www.mali-mrav.hr\/wp-content\/uploads\/2012\/12\/dsc02696-300x225.jpg\" alt=\"\" width=\"286\" height=\"214\" srcset=\"http:\/\/www.mali-mrav.hr\/wp-content\/uploads\/2012\/12\/dsc02696-300x225.jpg 300w, http:\/\/www.mali-mrav.hr\/wp-content\/uploads\/2012\/12\/dsc02696-1024x768.jpg 1024w, http:\/\/www.mali-mrav.hr\/wp-content\/uploads\/2012\/12\/dsc02696-624x468.jpg 624w, http:\/\/www.mali-mrav.hr\/wp-content\/uploads\/2012\/12\/dsc02696.jpg 2048w\" sizes=\"(max-width: 286px) 100vw, 286px\" \/><\/a><\/p>\n<p style=\"text-align: center;\"><u>\u0160kola\u00a0 skijanja<\/u>\u00a0\u201c<strong>Mali Mrav<\/strong>\u201d djeluje ve\u0107 18-u godinu i svojim kvalitetnim radom je osposobila brojnu djecu i odrasle za samostalno skijanje i kretanje po snje\u017enim padinama, zato i Vas pozivamo da nam se pridru\u017eite u \u0161koli skijanja na Platku pod vodstvom \u00a0iskusnih u\u010ditelja skijanja i pod geslom:<\/p>\n<p style=\"text-align: center;\"><strong>RIJEKA SKIJA<\/strong><br \/>\u0160kola skijanja je osmi\u0161ljena kao \u0161estodnevni te\u010daj na kojemu se prolaze osnovni i napredni skija\u0161ki elementi \u201e<strong>CARVING<\/strong>\u201c tehnike.<br \/>Ovisno o stupnju znanja i vje\u0161tina, radi se u grupama\u00a0(po\u010detni\u010dka i\u00a0napredna grupa).<\/p>\n<p style=\"text-align: center;\"><a href=\"http:\/\/www.mali-mrav.hr\/wp-content\/uploads\/2017\/10\/IMG-20171003-WA0022.jpg\"><img decoding=\"async\" loading=\"lazy\" class=\"alignnone size-medium wp-image-685\" src=\"http:\/\/www.mali-mrav.hr\/wp-content\/uploads\/2017\/10\/IMG-20171003-WA0022-300x225.jpg\" alt=\"\" width=\"300\" height=\"225\" srcset=\"http:\/\/www.mali-mrav.hr\/wp-content\/uploads\/2017\/10\/IMG-20171003-WA0022-300x225.jpg 300w, http:\/\/www.mali-mrav.hr\/wp-content\/uploads\/2017\/10\/IMG-20171003-WA0022-768x576.jpg 768w, http:\/\/www.mali-mrav.hr\/wp-content\/uploads\/2017\/10\/IMG-20171003-WA0022-1024x768.jpg 1024w, http:\/\/www.mali-mrav.hr\/wp-content\/uploads\/2017\/10\/IMG-20171003-WA0022.jpg 1600w\" sizes=\"(max-width: 300px) 100vw, 300px\" \/><\/a><\/p>\n<p style=\"text-align: center;\">\u0160kola skijanja u terminu:<\/p>\n<h5 style=\"text-align: center; padding-left: 40px;\"><strong> \u00a0 \u00a0 <span style=\"color: #ff0000;\">\u00a0 29.12. 2025.-4.01.2026. <\/span><\/strong><strong style=\"color: inherit;\"><span style=\"color: #ff0000;\">(6 DANA &#8211; 01.01.2026. NE SKIJAMO)\u00a0 510eura <\/span><\/strong><strong style=\"color: inherit;\"><span style=\"color: #ff0000;\">\u00a0 PRIJAVE U TIJEKU NA MOB. <span style=\"color: #0000ff;\">091\/5007822<\/span>\u00a0 ILI NA\u00a0 &#8211;\u00a0<a href=\"https:\/\/docs.google.com\/forms\/d\/e\/1FAIpQLSfD_5ij8pvubY-WKYdBc6Y5W4KUJqyTdoZy1xO-69ybfu-F_Q\/viewform?usp=dialog\">PRIJAVE ZA 29.12.-4.1.2026<\/a><\/span><\/strong><\/h5>\n<h5 style=\"text-align: center;\">U slu\u010daju odustajanja s va\u0161 strane pla\u0107a se 25eura dan zbog rezervacije mjesta i stvorenih tro\u0161kova priprema.\u00a0 U slu\u010daju odustajanja s na\u0161e strane zbog lo\u0161eg vrenema vra\u0107amo novac u cijelosti.<\/h5>\n<p>\u00a0<\/p>\n<h5 style=\"text-align: center;\"><strong>\u00a0 \u00a0 \u00a0 <span style=\"color: #ff0000;\">\u00a0 5.01. 2026.-11.1.2026.\u00a0 (7 DANA)\u00a0 \u00a0 595eura<\/span><\/strong><strong><span style=\"color: #ff0000;\">\u00a0PRIJAVE U TIJEKU NA MOB. <span style=\"color: #0000ff;\">091\/5007822<\/span>\u00a0 ILI NA\u00a0<\/span><\/strong><\/h5>\n<p style=\"text-align: center;\"><strong>LINK\u00a0\u00a0<a href=\"https:\/\/docs.google.com\/forms\/d\/e\/1FAIpQLScwisKQ3r7R9cR1uBMtAs25TAGzJKdsQ6dCKTTcXjAony7egQ\/viewform?usp=dialog\">PRIJAVE ZA 5.1.-11.1.2026.<\/a><\/strong><\/p>\n<h5 style=\"text-align: center;\">U slu\u010daju odustajanja s va\u0161 strane pla\u0107a se 25eura dan zbog rezervacije mjesta i stvorenih tro\u0161kova priprema.\u00a0 U slu\u010daju odustajanja s na\u0161e strane zbog lo\u0161eg vrenema vra\u0107amo novac u cijelosti.<\/h5>\n<h5 style=\"text-align: center;\">\u00a0<\/h5>\n<p><strong>\u00a0 \u00a0 \u00a0 \u00a0 \u00a0 \u00a0 \u00a0 \u00a0 \u00a0 \u00a0 \u00a0 \u00a0 \u00a0 \u00a0 \u00a0 \u00a0 \u00a0 \u00a0 \u00a0 \u00a0 \u00a0 \u00a0 \u00a0 \u00a0 \u00a0 \u00a0 \u00a0 \u00a0 \u00a0 \u00a0 \u00a0 \u00a0 \u00a0 \u00a0 \u00a0 \u00a0 \u00a0 \u00a0 \u00a0 \u00a0\u00a0<\/strong><\/p>\n<p>U slu\u010daju odustajanja s va\u0161 strane pla\u0107a se 25eura dan zbog rezervacije mjesta i stvorenih tro\u0161kova priprema.\u00a0<\/p>\n<p>\u00a0<\/p>\n<p>Nakon prijave primate potvrdu o prijavi, par dana prije polaska na skijanje \u0107emo Vas kontaktirati putem emaila s svim podacima o \u0161koli skijanja, mjestu i vremenu polaska, \u0161ta sve treba ponijeti sa sobom&#8230;<\/p>\n<h5 style=\"text-align: center;\">\u00a0<\/h5>\n<p><strong><span style=\"color: #339966;\">Ukoliko nas se skupi 10-tak imamo mogu\u0107nost no\u0107enja na Platku, zadnji dan \u0161kole skijanja (Pla\u0107a se posebno)<\/span><\/strong><\/p>\n<p>\u00a0<\/p>\n<p style=\"text-align: center;\">KOTIZACIJA 85eura\/dan uklju\u010duje:<\/p>\n<p style=\"text-align: left;\"><strong>1. \u0160kolu skijanja (u\u010ditelji skijanja)<\/strong><br \/><strong>2. Pedago\u0161ki rad s djecom (profesori tjelesne i zdravstvene kulture, u\u010ditelji skijanja)<\/strong><br \/><strong>3. Prehranu na skijali\u0161tu (topli napitak prilikom dolaska, ru\u010dak i sok)<\/strong><br \/><strong>4. Prijevoz na relaciji: Rijeka-Platak-Rijeka<\/strong><br \/><strong>5. Skija\u0161ku kartu<\/strong><br \/><strong>6. Skladi\u0161tenje i davanje opreme (ustupanje opreme za potrebe \u0161kole skijanja)<\/strong><br \/><strong>7.\u00a0Cjelodnevna edukacija, briga i nadzor nad djecom (od 8:00h -17:00h)<\/strong><\/p>\n<p>\u00a0<\/p>\n<p><span style=\"color: #ff0000;\"><strong>NA\u010cIN RADA:<\/strong><\/span><\/p>\n<p><span style=\"color: #ff0000;\"><strong>Polazak iz Rijeke sa Jela\u010di\u0107evog trga u 8:00h,\u00a0 dolazak na Platak oko 8:45, gore nas \u010deka \u010daj i mala pauza za pripremu skija, pancerica&#8230;., to je trenutak da dijete doru\u010dkuje ukoliko nije doma ni\u0161ta pojelo.\u00a0 Nakon pripreme odlazak na snijeg i skijanje, odmor i ru\u010dak je oko 12:30-13:30 u Velikom domu, nakon toga opet odlazak na snijeg do 15:30, povratak u Veliki dom i raspremanje opreme za sutradan. Pokret prema Rijeci je u 16:00h. O\u010dekivano vrijeme povratka je 16:45 na Jela\u010di\u0107ev trg.<\/strong><\/span><\/p>\n<p>\u00a0<\/p>\n<p style=\"text-align: center;\">Voditelj \u0161kole skijanja :<\/p>\n<p style=\"text-align: center;\"><strong><em><u>Damir Rabar<\/u><\/em><\/strong><strong>,\u00a0<\/strong><strong>profesor savjetnik Tzk-a, me\u0111unarodni u\u010ditelj skijanja, vi\u0161egodi\u0161nji \u010dlan Gorske slu\u017ebe spa\u0161avanja Rijeka<\/strong><\/p>\n<p style=\"text-align: center;\"><strong>PRIJAVE I INFORMACIJE\u00a0 NA 091\/500-7822<\/strong><\/p>\n<p style=\"text-align: center;\"><span style=\"color: #ff0000;\"><strong>Za\u0161to izabrati ba\u0161 nas?<\/strong><\/span><\/p>\n<ul style=\"text-align: center;\">\n<li><span style=\"color: #ff0000;\"><strong>Zato \u0161to smo pedagozi i profesori Tjelesne i zdravstvene kulture<\/strong><\/span><\/li>\n<li><span style=\"color: #ff0000;\"><strong>Zato \u0161to svakodnevno radimo s djecom kroz nastavu i trening<\/strong><\/span><\/li>\n<li><span style=\"color: #ff0000;\"><strong>Zato \u0161to smo licencirani od strane Hrvatskog skija\u0161kog saveza<\/strong><\/span><\/li>\n<li><span style=\"color: #ff0000;\"><strong>Imamo vi\u0161egodi\u0161nje trenersko iskustvo u natjecateljskom skijanju Ski Klub \u201eKVARNER\u201c i Ski klub \u201eThule-Skilex Croatia\u201c<\/strong><\/span><\/li>\n<li><span style=\"color: #ff0000;\"><strong>Imamo iskustvo u vo\u0111enju \u0161kole skijanja od 2001.g.<\/strong><\/span><\/li>\n<li><span style=\"color: #ff0000;\"><strong>Zato \u0161to smo do sada nau\u010dili skijati preko 1000 polaznika, i dalje brojimo\u2026.<\/strong><\/span><\/li>\n<li><span style=\"color: #ff0000;\"><strong>Zato \u0161to smo voditelji Univerzalne sportske \u0161kole za u\u010denike od 1.-4. razreda\u00a0<\/strong><\/span><\/li>\n<\/ul>\n<p style=\"text-align: center;\"><strong>\u00a0\u2026<\/strong>ZA JO\u0160 VI\u0160E INFORMACIJA NAZVATI 091\/500-7822 \u00a0ILI \u00a0PISATI NA \u00a0 \u00a0 \u00a0 <a href=\"mailto:malimrav.ski@gmail.com\">malimrav.ski@gmail.com<\/a><\/p>\n<p style=\"text-align: center;\">\u00a0 \u00a0 U SLU\u010cAJU OTKAZIVANJA VRA\u010cAMO 50 EURA\/DAN<\/p>\n<p style=\"text-align: center;\"><strong><em>SVE AKTIVNOSTI SU SAMO ZA \u010cLANOVE DSR \u201cMM\u201d \u00a0(upisat se lako, \u00a0pitaj me kako) !!!<\/em><\/strong><\/p>\n<p><a href=\"http:\/\/platak.hr\/\">http:\/\/platak.hr\/<\/a><\/p>\n\n\n<p><\/p>\n","protected":false},"excerpt":{"rendered":"<p>\u0160kola\u00a0 skijanja\u00a0\u201cMali Mrav\u201d djeluje ve\u0107 18-u godinu i svojim kvalitetnim radom je osposobila brojnu djecu i odrasle za samostalno skijanje i kretanje po snje\u017enim padinama, zato i Vas pozivamo da nam se pridru\u017eite u \u0161koli skijanja na Platku pod vodstvom \u00a0iskusnih u\u010ditelja skijanja i pod geslom: RIJEKA SKIJA\u0160kola skijanja je osmi\u0161ljena kao \u0161estodnevni te\u010daj na &hellip; <a href=\"http:\/\/www.mali-mrav.hr\/?page_id=636\" class=\"more-link\">Continue reading <span class=\"screen-reader-text\">PLATAK &#8211; VI\u0160EDNEVNA \u0160KOLA SKIJANJA<\/span> <span class=\"meta-nav\">&rarr;<\/span><\/a><\/p>\n","protected":false},"author":1,"featured_media":1314,"parent":1521,"menu_order":0,"comment_status":"closed","ping_status":"closed","template":"","meta":[],"_links":{"self":[{"href":"http:\/\/www.mali-mrav.hr\/index.php?rest_route=\/wp\/v2\/pages\/636"}],"collection":[{"href":"http:\/\/www.mali-mrav.hr\/index.php?rest_route=\/wp\/v2\/pages"}],"about":[{"href":"http:\/\/www.mali-mrav.hr\/index.php?rest_route=\/wp\/v2\/types\/page"}],"author":[{"embeddable":true,"href":"http:\/\/www.mali-mrav.hr\/index.php?rest_route=\/wp\/v2\/users\/1"}],"replies":[{"embeddable":true,"href":"http:\/\/www.mali-mrav.hr\/index.php?rest_route=%2Fwp%2Fv2%2Fcomments&post=636"}],"version-history":[{"count":94,"href":"http:\/\/www.mali-mrav.hr\/index.php?rest_route=\/wp\/v2\/pages\/636\/revisions"}],"predecessor-version":[{"id":2579,"href":"http:\/\/www.mali-mrav.hr\/index.php?rest_route=\/wp\/v2\/pages\/636\/revisions\/2579"}],"up":[{"embeddable":true,"href":"http:\/\/www.mali-mrav.hr\/index.php?rest_route=\/wp\/v2\/pages\/1521"}],"wp:featuredmedia":[{"embeddable":true,"href":"http:\/\/www.mali-mrav.hr\/index.php?rest_route=\/wp\/v2\/media\/1314"}],"wp:attachment":[{"href":"http:\/\/www.mali-mrav.hr\/index.php?rest_route=%2Fwp%2Fv2%2Fmedia&parent=636"}],"curies":[{"name":"wp","href":"https:\/\/api.w.org\/{rel}","templated":true}]}}